{"id":83,"date":"2015-05-11T02:40:07","date_gmt":"2015-05-11T00:40:07","guid":{"rendered":"http:\/\/asszert.de\/?page_id=83"},"modified":"2018-10-20T14:01:54","modified_gmt":"2018-10-20T12:01:54","slug":"rechtliche-hinweise","status":"publish","type":"page","link":"https:\/\/asszert.de\/?page_id=83","title":{"rendered":"Rechtliche Hinweise"},"content":{"rendered":"<section id=\"builder-section-1431304750796\" class=\"builder-section-first builder-section builder-section-text builder-section-next-text builder-text-columns-1\" style=\"background-repeat: repeat;background-position: center center;\">\n<div class=\"builder-section-content\">\n<div class=\"builder-text-row\">\n<div class=\"builder-text-column builder-text-column-1\" id=\"builder-section-1431304750796-column-1\">\n<div class=\"builder-text-content\">\n<hr class=\"ttfmake-hr\" style=\"border-style: dotted; border-top-width: 2px;\" \/>\n<p><div class=\"printfriendly pf-button  pf-alignright\"><a href=\"https:\/\/asszert.de\/?page_id=83&amp;pfstyle=wp\" rel=\"nofollow\"  title=\"Printer Friendly, PDF & Email\"><img decoding=\"async\" class=\"pf-button-img\" src=\"https:\/\/cdn.printfriendly.com\/buttons\/print-button-gray.png\" alt=\"Print Friendly, PDF & Email\" style=\"width: 66px;height: 24px;\"  \/><\/a><\/div><span style=\"color: #808080;\"><a style=\"color: #808080;\" href=\"http:\/\/asszert.de\/?page_id=71\">Kontakt &amp; Hinweise<\/a><\/span>\u00a0&gt;\u00a0<a href=\"http:\/\/asszert.de\/?page_id=81\">Rechtliche Hinweise<\/a><\/p>\n<hr class=\"ttfmake-hr\" style=\"border-style: dotted; border-top-width: 2px;\" \/>\n<p style=\"text-align: center;\"><cite>&#8222;Etwas ist nicht recht, weil es Gesetz ist, sondern es muss Gesetz sein, weil es recht ist.&#8220;<\/cite>\u00a0&#8211;\u00a0Charles de Montesquieu<\/p>\n<\/p><\/div>\n<\/p><\/div>\n<\/p><\/div>\n<\/p><\/div>\n<\/section>\n<section id=\"builder-section-1431304785441\" class=\"builder-section-prev-text builder-section builder-section-text builder-section-last builder-text-columns-1\" style=\"background-repeat: repeat;background-position: center center;\">\n<div class=\"builder-section-content\">\n<div class=\"builder-text-row\">\n<div class=\"builder-text-column builder-text-column-1\" id=\"builder-section-1431304785441-column-1\">\n<div class=\"builder-text-content\">\n<p style=\"text-align: justify;\">Diese Seite enth\u00e4lt rechtliche Hinweise zu folgenden Bereichen:<\/p>\n<ul style=\"text-align: justify;\">\n<li>Rechtserkl\u00e4rung<\/li>\n<li>Verweise auf Seiten Dritter<\/li>\n<\/ul>\n<p style=\"text-align: justify;\"><strong>Rechtserkl\u00e4rung\u00a0<\/strong><\/p>\n<p style=\"text-align: justify;\">Die Informationen auf dieser Website sind allgemeiner Art und dienen lediglich dazu, die AssZert\u00a0Zertifizierungsgesellschaft mbH (&#8222;AssZert&#8220;) dem interessierten Internetnutzer vorzustellen. F\u00fcr Entscheidungen, die der Verwender auf Grund der vorgenannten Informationen trifft, \u00fcbernehmen wir keine Verantwortung. Wir weisen darauf hin, dass der vorliegende Inhalt weder eine individuelle rechtliche, buchf\u00fchrungstechnische, steuerliche noch eine sonstige fachliche Auskunft oder Empfehlung darstellt und nicht geeignet ist, eine individuelle Beratung durch fachkundige Personen unter Ber\u00fccksichtigung der konkreten Umst\u00e4nde des Einzellfalles zu ersetzen. Dies gilt insbesondere f\u00fcr Ausk\u00fcnfte die auf Grund des Angebotsformulars erteilt werden.<\/p>\n<p style=\"text-align: justify;\">Die Zusammenstellung der Informationen erfolgte mit der gebotenen Sorgfalt. Gleichwohl \u00fcbernehmen wir keinerlei Haftung, aus welchem Rechtsgrund auch immer, f\u00fcr die Richtigkeit, Aktualit\u00e4t und Vollst\u00e4ndigkeit der \u00fcbermittelten Informationen.<\/p>\n<p style=\"text-align: justify;\">AssZert beh\u00e4lt sich das Recht vor, die auf dieser Website angebotenen Informationen, Produkte oder Dienstleistungen ohne gesonderte Ank\u00fcndigung jederzeit zu ver\u00e4ndern oder zu aktualisieren.<\/p>\n<p style=\"text-align: justify;\">F\u00fcr gegebenenfalls bestehende oder k\u00fcnftig entstehende Rechtsverh\u00e4ltnisse ist ausschlie\u00dflich deutsches Recht anwendbar und sind nur deutsche Gerichte zust\u00e4ndig.<\/p>\n<p style=\"text-align: justify;\"><strong>Verweise auf Seiten Dritter<\/strong><\/p>\n<p style=\"text-align: justify;\">Diese Website enth\u00e4lt Verweise (Links) auf Websites, die von Dritten unterhalten werden. Derartige Websites Dritter werden nicht notwendiger Weise in einem Frame auf dieser Website pr\u00e4sentiert.<\/p>\n<p style=\"text-align: justify;\">Die AssZert hat keinerlei Kontrolle \u00fcber die Inhalte oder Gestaltung der Websites Dritter. Die dort angebotenen Informationen, Waren oder Dienstleistungen werden von AssZert weder gepr\u00fcft noch in irgendeiner Weise unterst\u00fctzt. Ferner gibt AssZert keine Werbung heraus, die auf diesen Websites Dritter erscheinen k\u00f6nnte. AssZert \u00fcbernimmt daher keinerlei Verantwortung, aus welchem Rechtsgrund auch immer, f\u00fcr den Inhalt der Websites Dritter.<\/p>\n<p style=\"text-align: justify;\">Die Aufnahme von Links auf andere URLs ist ein Service f\u00fcr unsere Website-Besucher und jederzeit widerrufbar. Sie beinhaltet keinen Rechtsanspruch auf Beibehalt.<\/p>\n<\/p><\/div>\n<\/p><\/div>\n<\/p><\/div>\n<\/p><\/div>\n<\/section>\n","protected":false},"excerpt":{"rendered":"<p>Kontakt &amp; Hinweise\u00a0&gt;\u00a0Rechtliche Hinweise &#8222;Etwas ist nicht recht, weil es Gesetz ist, sondern es muss Gesetz sein, weil es recht ist.&#8220;\u00a0&#8211;\u00a0Charles de Montesquieu Diese Seite enth\u00e4lt rechtliche Hinweise zu folgenden Bereichen: Rechtserkl\u00e4rung Verweise auf Seiten Dritter Rechtserkl\u00e4rung\u00a0 Die Informationen auf dieser Website sind allgemeiner Art und dienen lediglich dazu, die AssZert\u00a0Zertifizierungsgesellschaft mbH (&#8222;AssZert&#8220;) dem interessierten &hellip;<\/p>\n","protected":false},"author":1,"featured_media":0,"parent":71,"menu_order":0,"comment_status":"closed","ping_status":"closed","template":"template-builder.php","meta":{"footnotes":""},"class_list":["post-83","page","type-page","status-publish","hentry"],"_links":{"self":[{"href":"https:\/\/asszert.de\/index.php?rest_route=\/wp\/v2\/pages\/83"}],"collection":[{"href":"https:\/\/asszert.de\/index.php?rest_route=\/wp\/v2\/pages"}],"about":[{"href":"https:\/\/asszert.de\/index.php?rest_route=\/wp\/v2\/types\/page"}],"author":[{"embeddable":true,"href":"https:\/\/asszert.de\/index.php?rest_route=\/wp\/v2\/users\/1"}],"replies":[{"embeddable":true,"href":"https:\/\/asszert.de\/index.php?rest_route=%2Fwp%2Fv2%2Fcomments&post=83"}],"version-history":[{"count":7,"href":"https:\/\/asszert.de\/index.php?rest_route=\/wp\/v2\/pages\/83\/revisions"}],"predecessor-version":[{"id":852,"href":"https:\/\/asszert.de\/index.php?rest_route=\/wp\/v2\/pages\/83\/revisions\/852"}],"up":[{"embeddable":true,"href":"https:\/\/asszert.de\/index.php?rest_route=\/wp\/v2\/pages\/71"}],"wp:attachment":[{"href":"https:\/\/asszert.de\/index.php?rest_route=%2Fwp%2Fv2%2Fmedia&parent=83"}],"curies":[{"name":"wp","href":"https:\/\/api.w.org\/{rel}","templated":true}]}}