{"id":62,"date":"2015-05-11T01:29:47","date_gmt":"2015-05-10T23:29:47","guid":{"rendered":"http:\/\/asszert.de\/?page_id=62"},"modified":"2023-10-10T14:15:23","modified_gmt":"2023-10-10T12:15:23","slug":"eignungsverfahren-nach-regel-kta-1401","status":"publish","type":"page","link":"https:\/\/asszert.de\/?page_id=62","title":{"rendered":"Eignungsverfahren nach Regel KTA 1401"},"content":{"rendered":"<section id=\"builder-section-1431300537398\" class=\"builder-section-first builder-section builder-section-text builder-section-next-text builder-text-columns-1\" style=\"background-repeat: repeat;background-position: center center;\">\n<div class=\"builder-section-content\">\n<div class=\"builder-text-row\">\n<div class=\"builder-text-column builder-text-column-1\" id=\"builder-section-1431300537398-column-1\">\n<div class=\"builder-text-content\">\n<hr class=\"ttfmake-hr\" style=\"border-style: dotted; border-top-width: 2px;\" \/>\n<p><div class=\"printfriendly pf-button  pf-alignright\"><a href=\"https:\/\/asszert.de\/?page_id=62&amp;pfstyle=wp\" rel=\"nofollow\"  title=\"Printer Friendly, PDF & Email\"><img decoding=\"async\" class=\"pf-button-img\" src=\"https:\/\/cdn.printfriendly.com\/buttons\/print-button-gray.png\" alt=\"Print Friendly, PDF & Email\" style=\"width: 66px;height: 24px;\"  \/><\/a><\/div><span style=\"color: #808080;\"><a style=\"color: #808080;\" href=\"http:\/\/asszert.de\/?page_id=49\">T\u00e4tigkeitsfelder<\/a><\/span>\u00a0 &gt;\u00a0<a href=\"http:\/\/asszert.de\/?page_id=62\">Eignungsverfahren nach Regel KTA 1401<\/a><\/p>\n<hr class=\"ttfmake-hr\" style=\"border-style: dotted; border-top-width: 2px;\" \/>\n<p><strong><span style=\"color: #808080;\"><a style=\"color: #808080;\" href=\"http:\/\/asszert.de\/?page_id=51\">QMS<\/a>\u00a0\u00a0I \u00a0<a style=\"color: #808080;\" href=\"http:\/\/asszert.de\/?page_id=54\">UMS<\/a>\u00a0\u00a0I \u00a0<a style=\"color: #808080;\" href=\"http:\/\/asszert.de\/?page_id=56\">SGAMS<\/a>\u00a0\u00a0I \u00a0<a style=\"color: #808080;\" href=\"http:\/\/asszert.de\/?page_id=58\">EnMS<\/a>\u00a0\u00a0I \u00a0<strong><span style=\"color: #808080;\"><a style=\"color: #808080;\" href=\"http:\/\/asszert.de\/?page_id=60\">SpaEfV<\/a><\/span><\/strong><strong><a style=\"color: #808080;\" href=\"http:\/\/asszert.de\/?page_id=60\">\u00a0\/ EDL-G<\/a><\/strong> \u00a0I \u00a0<\/span><a href=\"http:\/\/asszert.de\/?page_id=62\">KTA 1401<\/a><span style=\"color: #808080;\">\u00a0\u00a0I \u00a0<\/span><\/strong><span style=\"color: #808080;\"><strong><a style=\"color: #808080;\" href=\"http:\/\/asszert.de\/?page_id=924\">GWO<\/a><\/strong><\/span><\/p>\n<\/p><\/div>\n<\/p><\/div>\n<\/p><\/div>\n<\/p><\/div>\n<\/section>\n<section id=\"builder-section-1431300557342\" class=\"builder-section-prev-text builder-section builder-section-text builder-section-last builder-text-columns-1\" style=\"background-repeat: repeat;background-position: center center;\">\n<div class=\"builder-section-content\">\n<div class=\"builder-text-row\">\n<div class=\"builder-text-column builder-text-column-1\" id=\"builder-section-1431300557342-column-1\">\n<div class=\"builder-text-content\">\n<p style=\"text-align: justify;\"><strong>Eignungsnachweis auf Basis der kerntechnischen Regel KTA 1401\u00a0<\/strong><\/p>\n<p style=\"text-align: justify;\">Auf Basis einer vorhandenen, g\u00fcltigen Zertifizierung nach DIN EN ISO 9001 kann der Eignungsnachweis auf Basis der kerntechnischen Regel KTA 1401 durch speziell f\u00fcr diese Regel zugelassenen Auditoren auf Grundlage einer Kurzbeurteilung an einem Tag im Unternehmen durchgef\u00fchrt werden. Das Verfahren wird in den f\u00fcnf folgenden Abschnitten durchgef\u00fchrt:<\/p>\n<hr class=\"ttfmake-hr\" style=\"border-style: solid; border-top-width: 1px;\" \/>\n<p style=\"text-align: center;\"><strong>1.\u00a0Abschnitt: Dokumentenpr\u00fcfung<\/strong><\/p>\n<p style=\"text-align: justify;\">Die Beurteilung der vollst\u00e4ndigen Unterlagen zum Qualit\u00e4tsmanagement\u00adsystem erfolgt hinsichtlich<\/p>\n<ul style=\"text-align: justify;\">\n<li>Systemvertr\u00e4glichkeit zur Regel KTA 1401<\/li>\n<li>Konsistenz<\/li>\n<li>Kompatibilit\u00e4t<\/li>\n<li>Angemessenheit und<\/li>\n<li>Vollst\u00e4ndigkeit.<\/li>\n<\/ul>\n<p style=\"text-align: justify;\">Bei positivem Pr\u00fcfergebnis erfolgen die Erstellung eines Beurteilungsprogramms mit Terminplanung und die Angabe der \u00dcberpr\u00fcfung entsprechender Elemente gem\u00e4\u00df Regel KTA 1401.<\/p>\n<p style=\"text-align: center;\"><span class=\"ttfmake-icon mceNonEditable fa\">\uf078<\/span><\/p>\n<hr class=\"ttfmake-hr\" style=\"border-style: solid; border-top-width: 1px;\" \/>\n<p style=\"text-align: center;\"><strong>2.\u00a0Abschnitt: Beurteilung vor Ort<\/strong><\/p>\n<p style=\"text-align: justify;\">Die Beurteilung wird gem\u00e4\u00df Beurteilungsprogramm im Unternehmen durchgef\u00fchrt. Grundlage des Audits sind die Anforderungen der Regel KTA 1401.<\/p>\n<p style=\"text-align: center;\"><span class=\"ttfmake-icon mceNonEditable fa\">\uf078<\/span><\/p>\n<hr class=\"ttfmake-hr\" style=\"border-style: solid; border-top-width: 1px;\" \/>\n<p style=\"text-align: center;\"><strong>3.\u00a0Abschnitt: Bewertung von Korrekturma\u00dfnahmen<\/strong><\/p>\n<p style=\"text-align: justify;\">Dieser Abschnitt ist vorgesehen, falls in der Beurteilung festgestellt wird, dass die Umsetzung und Erf\u00fcllung von Anforderungen der Regel KTA 1401 nicht dokumentiert sind oder mit der Praxis nicht \u00fcbereinstimmen.<\/p>\n<p style=\"text-align: justify;\">Ist das Ergebnis der Beurteilung in Einzelbereichen nicht akzeptabel (Fest\u00adstellung von Abweichungen), so k\u00f6nnen Anwendung und Wirksamkeit in diesen Bereichen einer zeitnahen Nachbewertung unterzogen werden. Der Ablauf des Nachaudits verl\u00e4uft analog zum zweiten Abschnitt.<\/p>\n<p style=\"text-align: justify;\">Die Nachbewertung kann alternativ &#8211; je nach Form der Schwachstelle &#8211; auch durch Sichtung von schriftlichen Nachweisen erfolgen.<\/p>\n<p style=\"text-align: justify;\">Erst nach positivem Abschluss dieses Abschnittes wird der vierte Abschnitt bearbeitet.<\/p>\n<p style=\"text-align: justify;\">Die Bewertung von Korrekturma\u00dfnahmen erfolgt durch AssZert.<\/p>\n<p style=\"text-align: center;\"><span class=\"ttfmake-icon mceNonEditable fa\">\uf078<\/span><\/p>\n<hr class=\"ttfmake-hr\" style=\"border-style: solid; border-top-width: 1px;\" \/>\n<p style=\"text-align: center;\"><strong>4.\u00a0Abschnitt: Beurteilungsdokumentation<\/strong><\/p>\n<p style=\"text-align: justify;\">Nach erfolgreicher Durchf\u00fchrung der Beurteilung und ggf. der Bewertung von Korrekturma\u00dfnahmen wird der erstellte Beurteilungsbericht AssZert-intern gepr\u00fcft und freigegeben (Vier-Augen-Prinzip).<\/p>\n<p style=\"text-align: justify;\">Die Erstellung und Ausstellung der Eignungsbest\u00e4tigung erfolgt auf der Grundlage des Beurteilungsberichtes.<\/p>\n<p style=\"text-align: center;\"><span class=\"ttfmake-icon mceNonEditable fa\">\uf078<\/span><\/p>\n<hr class=\"ttfmake-hr\" style=\"border-style: solid; border-top-width: 1px;\" \/>\n<p style=\"text-align: center;\"><strong>5.\u00a0Abschnitt: Beurteilung von Empfehlungen<\/strong><\/p>\n<p style=\"text-align: justify;\">Sollten im Rahmen der Beurteilung Feststellungen identifiziert werden und Empfehlungen abgestimmt worden sein, so erfolgt seitens AssZert die Bewertung der geplanten und umgesetzten Ma\u00dfnahmen im Rahmen des Beurteilungszeitrahmens. Es wird eine schriftliche R\u00fcckmeldung zur Bewertung erstellt.<\/p>\n<\/p><\/div>\n<\/p><\/div>\n<\/p><\/div>\n<\/p><\/div>\n<\/section>\n","protected":false},"excerpt":{"rendered":"<p>T\u00e4tigkeitsfelder\u00a0 &gt;\u00a0Eignungsverfahren nach Regel KTA 1401 QMS\u00a0\u00a0I \u00a0UMS\u00a0\u00a0I \u00a0SGAMS\u00a0\u00a0I \u00a0EnMS\u00a0\u00a0I \u00a0SpaEfV\u00a0\/ EDL-G \u00a0I \u00a0KTA 1401\u00a0\u00a0I \u00a0GWO Eignungsnachweis auf Basis der kerntechnischen Regel KTA 1401\u00a0 Auf Basis einer vorhandenen, g\u00fcltigen Zertifizierung nach DIN EN ISO 9001 kann der Eignungsnachweis auf Basis der kerntechnischen Regel KTA 1401 durch speziell f\u00fcr diese Regel zugelassenen Auditoren auf Grundlage einer &hellip;<\/p>\n","protected":false},"author":1,"featured_media":0,"parent":49,"menu_order":0,"comment_status":"closed","ping_status":"closed","template":"template-builder.php","meta":{"footnotes":""},"class_list":["post-62","page","type-page","status-publish","hentry"],"_links":{"self":[{"href":"https:\/\/asszert.de\/index.php?rest_route=\/wp\/v2\/pages\/62"}],"collection":[{"href":"https:\/\/asszert.de\/index.php?rest_route=\/wp\/v2\/pages"}],"about":[{"href":"https:\/\/asszert.de\/index.php?rest_route=\/wp\/v2\/types\/page"}],"author":[{"embeddable":true,"href":"https:\/\/asszert.de\/index.php?rest_route=\/wp\/v2\/users\/1"}],"replies":[{"embeddable":true,"href":"https:\/\/asszert.de\/index.php?rest_route=%2Fwp%2Fv2%2Fcomments&post=62"}],"version-history":[{"count":14,"href":"https:\/\/asszert.de\/index.php?rest_route=\/wp\/v2\/pages\/62\/revisions"}],"predecessor-version":[{"id":1109,"href":"https:\/\/asszert.de\/index.php?rest_route=\/wp\/v2\/pages\/62\/revisions\/1109"}],"up":[{"embeddable":true,"href":"https:\/\/asszert.de\/index.php?rest_route=\/wp\/v2\/pages\/49"}],"wp:attachment":[{"href":"https:\/\/asszert.de\/index.php?rest_route=%2Fwp%2Fv2%2Fmedia&parent=62"}],"curies":[{"name":"wp","href":"https:\/\/api.w.org\/{rel}","templated":true}]}}